71. Let q = o - w. What is the tens digit of q?
1
Let q(s) = -11*s + 1. Let f(y) = y. Let x(z) = -6*f(z) - q(z). Let k be x(1). Let u(p) = p**2 - 2*p - 3. What is the units digit of u(k)?
5
Let g be (3 - 1)/((-3)/(-39)). What is the units digit of (91/g)/(1/2)?
7
Suppose 2*q + 4*x = 28, 5*x - 8 - 6 = -q. What is the tens digit of q?
1
Let j be 2/(2/(-16)*-2). Let d(g) = 3*g**2 + 7 + 3*g - 4*g**2 + 5*g. What is the units digit of d(j)?
7
Let p(b) = -b**2 - 9*b - 8. What is the units digit of p(-6)?
0
Suppose 9*p = 12*p - 117. What is the units digit of p?
9
Let s = 12 + -8. What is the units digit of s?
4
Suppose -3*a - 77 = -2*y + 30, -5*y + 3*a + 263 = 0. Suppose -3*x - x - y = -5*d, d - 6 = 3*x. What is the units digit of d?
2
Let k(o) be the third derivative of o**5/60 + 3*o**4/8 + 5*o**3/6 - 4*o**2. What is the tens digit of k(-11)?
2
Suppose 0 = -5*x + x + 28. Let b be -2 - x/(-1) - 2. Let l = b + 8. What is the tens digit of l?
1
Let p = 9 - 3. Let m(z) = z**2 - 4*z - 5. What is the units digit of m(p)?
7
Suppose 56 = 11*z - 9*z. What is the tens digit of z?
2
Let y be 1*2*32/8. What is the tens digit of 86/y - 1/(-4)?
1
Let f(x) = x**3 + 5*x**2 + 5*x + 2. Let b be f(-3). Let q = -1 - -1. Suppose 5*m - 29 = -0*m + 4*s, b*s - 20 = q. What is the units digit of m?
9
Suppose 4 = 3*h - 5*z, 0 = 2*h - 2*z - 2*z - 4. Let m = h - -18. What is the units digit of m?
6
What is the units digit of (0 - 0)/(-1) - -20?
0
Let f(l) = -5*l + 6. Let u be f(-7). Suppose 53 = 5*h - 4*d, -u = -2*h - 6*d + d. What is the tens digit of h?
1
Let h(p) = -9*p - p**2 + 0 + 4 - 2. Let w = -3 - 5. What is the tens digit of h(w)?
1
Let f(l) = 10*l**2 + 8*l - 13. What is the hundreds digit of f(4)?
1
Suppose 6 = -v - 2*u, 0 = -5*v - 3*u + 2*u - 48. What is the tens digit of 236/10 + v/(-25)?
2
Let f = 6 + -1. Let v = 6 + f. Suppose -8*u = -v*u + 3. What is the units digit of u?
1
What is the tens digit of 1 + 0 + 6 + 10?
1
Suppose -4*v + 2 - 310 = 0. Let j = 113 + v. What is the units digit of j?
6
Let d be ((-2 - -3) + -2)*-3. Let p = d + 8. What is the tens digit of p?
1
Let l(k) = k + 2. Let v be l(-4). What is the units digit of (v/(-3))/((-10)/(-105))?
7
Suppose 210 = 5*s - 5. What is the units digit of s?
3
Let a(j) = -j**3 - 8*j**2 + 8*j - 7. Let k be a(-9). What is the units digit of 12 + 0 + k + -5?
9
Let x = -120 + 237. What is the units digit of x?
7
Let h = 108 - 71. What is the units digit of h?
7
Suppose 0 = 5*d - 3*a + 27, 0 = 4*d + 4*a - a. What is the units digit of (-20 - 3)/(d/3)?
3
Let x(q) = 9*q**3 - q**2. Let g be x(1). Let n = g - 7. What is the units digit of n?
1
Let w = -31 + 49. Suppose 4*c - w = 82. What is the units digit of c?
5
Let n be (-19)/4 + (-3)/12. Let o(i) be the third derivative of -i**6/120 - i**5/15 + i**4/6 + i**3/2 - 3*i**2. What is the units digit of o(n)?
8
Let r(z) = -z**3 + 12*z**2 - 5*z + 14. Let l be r(11). Let n = -48 + l. What is the tens digit of n?
3
What is the units digit of 6/42 - (-6)/7?
1
Let a(g) be the first derivative of g**4/24 + 2*g**3/3 + 3*g**2/2 + 1. Let k(o) be the second derivative of a(o). What is the units digit of k(5)?
9
Suppose 0 = 5*h + p + 41, 0 = 3*h - p - 3*p + 20. Let r = -16 + 30. Let o = r + h. What is the units digit of o?
6
Suppose -4 = 3*y - 4*y. Suppose -3*n + 12 = n. Suppose 14 = n*m - y. What is the units digit of m?
6
Suppose 0 = 2*q - 6*q + 8. Suppose -6 = -q*x - 2*w, 3*w - 10 + 4 = -2*x. Suppose -5*z + 21 = 2*d - x, -5*z - 4*d = -28. What is the units digit of z?
4
Let q(w) = -w + 14. What is the units digit of q(7)?
7
Suppose z + 6 = 2*z. Let q = 7 - 3. What is the units digit of z/q*8/6?
2
Let j be 8/6*3/2. Suppose 0*y + j*y = 52. What is the units digit of y?
6
Let c(o) be the second derivative of o**3/6 - 2*o**2 - 3*o. Let x be c(2). What is the units digit of (x/3)/(8/(-36))?
3
Let d = 5 - 4. Let z = 4 + d. Let w = z - 0. What is the units digit of w?
5
Let j be ((-24)/(-14))/((-2)/(-14)). Let f be j/18 - 14/(-6). Suppose 5*l - l - 5*p = 20, -f*p = -5*l + 25. What is the units digit of l?
5
What is the units digit of ((-36)/(-16))/((-3)/(-4))*1?
3
Let f(s) = 2*s**2 - s + 1. Suppose -4*u - 7 = 1. What is the tens digit of f(u)?
1
Let v = 153 + -87. What is the tens digit of v?
6
Let o(n) = 1 - 8*n - 2*n + 3*n. Let y be o(-2). Suppose -2*u + 5*a + 3 = u, 5*a - y = 0. What is the units digit of u?
6
Suppose -x + 143 + 220 = 2*y, y = 2*x + 194. What is the units digit of y?
4
What is the hundreds digit of (2 - (0 + 3))/((-11)/3806)?
3
Let o(n) = 0*n**3 + n**3 + 8*n**2 - 5*n**2 - 3 - n. Let c(i) = -6*i**3 - 14*i**2 + 4*i + 16. Let a(u) = 2*c(u) + 11*o(u). What is the units digit of a(4)?
3
Suppose -3*j = -0*j + 18. Let b = -3 - j. What is the units digit of b?
3
Suppose 0 = i - 0*i - 60. Let v = i - 30. What is the units digit of v?
0
Let t = -14 - -93. What is the units digit of t?
9
Let k be (-3)/9 - 1/(-3). Let d(y) = 5*y - 3. Let r be d(2). Suppose k*z + r = z. What is the units digit of z?
7
Suppose 148 = 2*q + 2*j, 3*q + 5*j = 282 - 52. What is the units digit of q?
0
Let f(x) = -2*x - 6. What is the units digit of f(-14)?
2
Suppose -k - 4*q = -22, 2*k + 4*q - 14 = 2*q. Suppose 0 = k*i - 3*t - 9, 2*t + 0*t = 5*i - 28. What is the units digit of i?
6
Suppose 2*n + 3*n - 5*s - 20 = 0, 2*n - 5 = -s. What is the units digit of (-3)/(-6)*-2 + n?
2
Let k(u) = 9*u**3 + 4*u**2 - 5*u + 4. Let p be k(3). Let a be p/22 - (-4)/(-22). Let r = a + -5. What is the units digit of r?
7
Let o(j) = j**2 + 7*j + 0*j**2 + 4 - 3 + 0*j. What is the units digit of o(-9)?
9
Let u(m) be the first derivative of -m**3/3 + 11*m**2/2 + 3*m - 1. What is the units digit of u(9)?
1
Let i be 2*3*5/10. Suppose 0 = -5*d + 157 + i. What is the units digit of d?
2
Let u = 5 - 4. Let x = 2 + u. Let l(m) = -m**3 + 4*m**2 - 2*m + 4. What is the units digit of l(x)?
7
Suppose 4*x - 5 = 5*x. Let o(c) = 3*c + 6. Let a be o(x). What is the tens digit of (-6)/(a/(-3)) + 15?
1
Let v = -487 - -852. What is the units digit of v?
5
Let g(q) = 5*q**2 - 3. Let j(f) = f**2 + f - 1. Let k(i) = g(i) - j(i). What is the units digit of k(-2)?
6
Let o(v) = v - 3. Let d be o(8). Suppose 2*m - t + 4*t = d, t = -4*m + 25. What is the units digit of m?
7
Let j = 14 + -10. Suppose 0 = 2*q + j*r - r + 18, 5*r = -q - 16. Let x(h) = -h**3 - 5*h**2 + 5*h - 5. What is the units digit of x(q)?
1
Suppose 4102 - 189 = 13*k. What is the tens digit of k?
0
Let x(r) = 8*r + 8. What is the tens digit of x(3)?
3
Let f(c) = -19*c**3 + 2*c**2 + 2*c + 1. Let g be f(-1). Suppose 0*z - 27 = -z + 5*m, -4*m - g = 0. What is the units digit of z?
2
Suppose -n - 2*j + 0 = -35, -235 = -5*n + 5*j. What is the units digit of n?
3
Suppose 4*z = 7*z. Suppose -5*g - 5*b + 2*b = -22, 5*g - 2*b - 2 = z. What is the units digit of g?
2
Let z(p) = p**3 + p**2 - p. Let g be z(0). Let r = 2 - g. What is the units digit of r?
2
Let o(h) = -h**2 + 14*h - 7. Let w be o(13). Let x = 0 + w. What is the units digit of x?
6
Let w = 8 + 14. Suppose 3*k - w - 8 = 0. What is the units digit of k?
0
Let i(k) = k**3 + 13*k**2 - 17*k + 8. What is the tens digit of i(-14)?
5
Let t(s) = -s**3 - 6*s**2 - s. Let d be t(-6). Let m(a) = 2*a - 2. What is the tens digit of m(d)?
1
Let w(i) = i**2 - i. Let g be w(-2). Suppose 5*b = u + g, -4*u + 5 + 7 = -2*b. What is the units digit of u?
4
Let l(y) = -3*y + 17. Let b = -29 + 19. What is the units digit of l(b)?
7
Let g = -36 - -22. What is the tens digit of (24/14)/((-2)/g)?
1
Let n be (6/1)/(-1 + 0). Let v = -4 - n. Let a(k) = 2*k + 1. What is the units digit of a(v)?
5
Suppose 0*o = 2*o + 20. Let y(v) = -v**3 - 10*v**2 - 2*v + 6. What is the tens digit of y(o)?
2
Suppose -5*f + 33 = -227. Suppose -l + 5 = -0*i - 3*i, 0 = 5*l + i - 9. Suppose l*a - f = -2*a. What is the tens digit of a?
1
Suppose -117 - 38 = -2*o - q, -25 = -5*q. What is the tens digit of o?
7
Suppose -4*p + 3*p - 4 = 0. What is the units digit of p*(-4)/(16/13)?
3
Let i = 929 - 647. What is the tens digit of i?
8
Let g = 51 - 23. What is the units digit of g?
8
What is the units digit of (177/6)/((-2)/(-4))?
9
Suppose -d = 3*x - 8 - 3, -5*x + 25 = 5*d. Suppose -c + 5 = l, x*c = 3*l + 17 - 44. What is the units digit of l?
7
Suppose -3*u + 4 = 2*d, -3*u + 8 = 3*d - 5